hen 176645 is divided by 1964?
1849
Calculate the remainder when 1226105 is divided by 442.
439
Calculate the remainder when 478468 is divided by 6.
4
What is the remainder when 10982 is divided by 67?
61
Calculate the remainder when 5333 is divided by 512.
213
What is the remainder when 28781 is divided by 14387?
7
Calculate the remainder when 1525 is divided by 369.
49
Calculate the remainder when 223927 is divided by 139.
137
What is the remainder when 1609343 is divided by 88?
87
What is the remainder when 5375 is divided by 671?
7
Calculate the remainder when 1110094 is divided by 312.
310
Calculate the remainder when 22575 is divided by 145.
100
What is the remainder when 30031 is divided by 423?
421
What is the remainder when 9884 is divided by 330?
314
Calculate the remainder when 150015 is divided by 32.
31
Calculate the remainder when 17544 is divided by 374.
340
What is the remainder when 14688 is divided by 1063?
869
What is the remainder when 92941 is divided by 11617?
5
Calculate the remainder when 569 is divided by 104.
49
Calculate the remainder when 150944 is divided by 225.
194
What is the remainder when 1578 is divided by 1435?
143
What is the remainder when 21684 is divided by 3?
0
What is the remainder when 6242 is divided by 6225?
17
Calculate the remainder when 59037 is divided by 205.
202
Calculate the remainder when 12193 is divided by 15.
13
Calculate the remainder when 803061 is divided by 1649.
1647
Calculate the remainder when 675 is divided by 287.
101
Calculate the remainder when 10767 is divided by 211.
6
Calculate the remainder when 2244 is divided by 225.
219
Calculate the remainder when 2612 is divided by 1839.
773
What is the remainder when 3943 is divided by 67?
57
Calculate the remainder when 143900 is divided by 1598.
80
What is the remainder when 4856 is divided by 553?
432
What is the remainder when 54351 is divided by 2857?
68
Calculate the remainder when 8896 is divided by 4437.
22
What is the remainder when 44867 is divided by 5607?
11
Calculate the remainder when 15574 is divided by 430.
94
Calculate the remainder when 4312 is divided by 255.
232
What is the remainder when 125217 is divided by 31299?
21
Calculate the remainder when 4764 is divided by 4745.
19
What is the remainder when 1354 is divided by 29?
20
Calculate the remainder when 140083 is divided by 119.
20
What is the remainder when 63922 is divided by 4565?
12
What is the remainder when 8820 is divided by 1102?
4
Calculate the remainder when 1340661 is divided by 312.
309
Calculate the remainder when 109407 is divided by 10940.
7
Calculate the remainder when 13224 is divided by 1666.
1562
Calculate the remainder when 26744 is divided by 12.
8
Calculate the remainder when 29509 is divided by 217.
214
Calculate the remainder when 55597 is divided by 25.
22
Calculate the remainder when 109018 is divided by 17.
14
Calculate the remainder when 3798 is divided by 15.
3
What is the remainder when 2155788 is divided by 59?
46
Calculate the remainder when 714146 is divided by 227.
4
What is the remainder when 3617 is divided by 416?
289
What is the remainder when 73294 is divided by 144?
142
Calculate the remainder when 12373 is divided by 3089.
17
What is the remainder when 689 is divided by 89?
66
Calculate the remainder when 54952 is divided by 426.
424
What is the remainder when 132914 is divided by 527?
110
What is the remainder when 2586 is divided by 203?
150
What is the remainder when 1529 is divided by 453?
170
Calculate the remainder when 15438 is divided by 271.
262
Calculate the remainder when 16656 is divided by 993.
768
What is the remainder when 3037 is divided by 294?
97
What is the remainder when 2182318 is divided by 433?
431
What is the remainder when 3363 is divided by 557?
21
Calculate the remainder when 32767 is divided by 10.
7
What is the remainder when 23802 is divided by 31?
25
Calculate the remainder when 588 is divided by 467.
121
What is the remainder when 1978 is divided by 1259?
719
What is the remainder when 1126 is divided by 93?
10
What is the remainder when 1513084 is divided by 35?
34
What is the remainder when 28578 is divided by 2597?
11
Calculate the remainder when 96191 is divided by 144.
143
What is the remainder when 150305 is divided by 75152?
1
What is the remainder when 22873 is divided by 1906?
1
What is the remainder when 122069 is divided by 37?
6
What is the remainder when 10060 is divided by 15?
10
Calculate the remainder when 65687 is divided by 1639.
127
Calculate the remainder when 1318857 is divided by 124.
117
Calculate the remainder when 85618 is divided by 30.
28
What is the remainder when 2280848 is divided by 18?
14
What is the remainder when 3136 is divided by 517?
34
What is the remainder when 3035 is divided by 83?
47
Calculate the remainder when 139120 is divided by 262.
260
Calculate the remainder when 3026 is divided by 236.
194
Calculate the remainder when 10986 is divided by 686.
10
What is the remainder when 1504 is divided by 1223?
281
What is the remainder when 252984 is divided by 460?
444
Calculate the remainder when 66631 is divided by 103.
93
What is the remainder when 206472 is divided by 9832?
0
What is the remainder when 1554372 is divided by 119566?
14
What is the remainder when 4938 is divided by 92?
62
What is the remainder when 559168 is divided by 311?
301
Calculate the remainder when 159843 is divided by 999.
3
Calculate the remainder when 23646 is divided by 1957.
162
What is the remainder when 59992 is divided by 34?
16
What is the remainder when 8643 is divided by 131?
128
What is the remainder when 5147 is divided by 738?
719
Calculate the remainder when 20283 is divided by 12.
3
Calculate the remainder when 4174 is divided by 2086.
2
Calculate the remainder when 15632 is divided by 964.
208
Calculate the remainder when 3572 is divided by 1189.
5
What is the remainder when 525692 is divided by 350?
342
Calculate the remainder when 10504 is divided by 41.
8
What is the remainder when 1344 is divided by 77?
35
What is the remainder when 10898 is divided by 404?
394
What is the remainder when 745380 is divided by 11?
9
What is the remainder when 44424 is divided by 123?
21
Calculate the remainder when 79310 is divided by 4.
2
Calculate the remainder when 95748 is divided by 31903.
39
Calculate the remainder when 22523 is divided by 68.
15
Calculate the remainder when 24756 is divided by 381.
372
What is the remainder when 27043 is divided by 5400?
43
What is the remainder when 1296 is divided by 505?
286
Calculate the remainder when 231765 is divided by 87.
84
What is the remainder when 3677 is divided by 201?
59
What is the remainder when 14232 is divided by 504?
120
What is the remainder when 15492 is divided by 639?
156
What is the remainder when 14862 is divided by 707?
15
Calculate the remainder when 36976 is divided by 268.
260
What is the remainder when 60883 is divided by 11?
9
What is the remainder when 53557 is divided by 188?
165
What is the remainder when 143774 is divided by 16?
14
Calculate the remainder when 9400 is divided by 178.
144
Calculate the remainder when 34865 is divided by 306.
287
What is the remainder when 21447 is divided by 221?
10
Calculate the remainder when 779 is divided by 252.
23
What is the remainder when 8946 is divided by 2964?
54
Calculate the remainder when 1592 is divided by 236.
176
Calculate the remainder when 145401 is divided by 142.
135
Calculate the remainder when 2974 is divided by 818.
520
What is the remainder when 1610 is divided by 37?
19
What is the remainder when 551 is divided by 24?
23
What is the remainder when 2945 is divided by 750?
695
What is the remainder when 4997 is divided by 17?
16
Calculate the remainder when 69255 is divided by 69252.
3
What is the remainder when 1913 is divided by 944?
25
Calculate the remainder when 26821 is divided by 13392.
37
Calculate the remainder when 1195 is divided by 40.
35
Calculate the remainder when 466 is divided by 416.
50
Calculate the remainder when 2707100 is divided by 57.
56
Calculate the remainder when 6090 is divided by 53.
48
What is the remainder when 549115 is divided by 16?
11
Calculate the remainder when 2968 is divided by 2754.
214
What is the r